 x be ((-2)/7)/((-6)/42). Suppose -v + 2 + x = 0. What is the units digit of v?
4
Suppose 8 = 7*g - 3*g. Suppose -z - 98 = -2*m + 2*z, 0 = -2*m + g*z + 100. What is the units digit of (-6)/(-18) + m/6?
9
Let o = -1 - -5. Let d = 3 - o. What is the units digit of (d + 2)/(1/7)?
7
Let r(m) = m**2 - 2*m - 4. Let b be r(-4). What is the units digit of (-4)/10 + 128/b?
6
Suppose 116 = 4*b - 2*b + 4*a, 5*b + 3*a = 262. Suppose -2*o - 3 = -1, -5*q + b = 5*o. What is the units digit of q?
1
Let i = -9 + 6. Let g be 42 - i/6*2. Suppose -3*s + g = -s + 5*n, -5*n + 100 = 5*s. What is the tens digit of s?
1
Let z(i) = -i**2 - 7*i + 6. Let q be z(-6). Let p = q - 3. What is the units digit of p?
9
Suppose 2*l - 3 = 7. Suppose 6*x = 3*x. Suppose l*d + 15 = 2*k, 2*k + x*k - d = 11. What is the units digit of k?
5
Let k(d) = -d + 5. Suppose 3*m + 4*z - 33 = 0, m - 9 - 7 = -3*z. Let y = -11 + m. What is the units digit of k(y)?
9
Let t be 7/3 + (-8)/(-12). Suppose -t*i = v - 2, i - 3*i = 5*v + 16. What is the tens digit of 1 + -4*(-5)/i?
1
Let f be ((-10)/3)/((-4)/(-12)). What is the units digit of ((-126)/(-35))/((-3)/f)?
2
Let k be ((-11)/(-22))/((-2)/(-120)). Let d be -12*(k/9)/(-2). What is the units digit of (d - 8) + 0/(-2)?
2
What is the hundreds digit of 112 + (-4 - -6) + (-3 - -3)?
1
Let h = 137 - 45. What is the units digit of h?
2
Let y(m) = -m**2 + 11*m + 7. What is the units digit of y(6)?
7
Let g(q) = -2*q**2 + 2*q + 1. Let w be g(-1). Let r be 3/w*1*-1. Let p = r - -13. What is the units digit of p?
4
Let n(l) = -l**2 - 18*l - 22. What is the units digit of n(-15)?
3
Suppose -4*x - 23 = -i, 5*i - 4*x - 26 = 3*i. Suppose 206 - 59 = i*m. What is the tens digit of m?
4
Let o(j) = j**2 + 5*j + 5. Let r be 1/(21/12 - 2). What is the units digit of o(r)?
1
Let t(o) = -2*o**2 + 24*o + 20. Let r(y) = -y**2 + 12*y + 10. Let g(u) = 7*r(u) - 4*t(u). What is the units digit of g(13)?
3
Let d = -21 - -9. Let p = -5 - d. What is the units digit of p?
7
Let v = 2 - 3. Let l be v/(-1*1/1). Let h(c) = 12*c**2. What is the tens digit of h(l)?
1
Let r(i) = i**2 + 15*i + 37. What is the units digit of r(-16)?
3
What is the tens digit of 14/(-49) + 284/14?
2
Let f = -9 - -11. Suppose -8 = -k - f. What is the units digit of k?
6
Let g = 108 - 47. Suppose 19 = 4*x - g. What is the units digit of x?
0
Suppose 3*n - 21 = o + 7, 20 = n + 5*o. What is the tens digit of n?
1
Suppose 0 = -4*h + 4*g - 72, -5*h = -g + 20 + 50. Let y be -6 + (-2)/4*0. Let j = y - h. What is the units digit of j?
7
Let c = -34 + 51. What is the tens digit of c?
1
Let v(g) = 6*g + 5. What is the tens digit of v(4)?
2
Suppose -6*i + 4*i = 24. Let p = -8 - i. What is the units digit of (1 + -5)/(p/(-6))?
6
Suppose j = -2*j + 18. Let w(i) = -i + 10. What is the units digit of w(j)?
4
Suppose 2*f + 0 = 4. Suppose f*a + 2*i - 6 = -a, -i = 4*a - 13. Let o(z) = -z + 9. What is the units digit of o(a)?
5
Suppose 0*q + 12 = q. Let x = 21 - q. What is the units digit of x?
9
Let u = -2 + 2. Suppose -5*s + u*s = -15. Suppose 2*c - s = 3. What is the units digit of c?
3
Let j(r) = 0*r**3 + 0*r**3 + 2*r**3 + 9*r**2 - r**3 + 4 + 5*r. What is the tens digit of j(-8)?
2
Let s(o) = -62*o - 5. What is the hundreds digit of s(-2)?
1
Suppose 0 = 3*s - 2*b - 19, -3 = -s + b + 5. Let a = 15 - s. What is the tens digit of a?
1
Suppose 5*t - 1246 = 484. What is the hundreds digit of t?
3
Let d(j) = -2*j - 5. Let v = -55 - -83. Suppose 4*s + v = 2*o, 4*s + o = -21 + 5. What is the units digit of d(s)?
5
Let z be 2 + 9 - (-6 - -7). Let c = 13 - z. What is the units digit of c?
3
Let l = -1 - -4. Suppose -2*p = l*p - 10. Suppose 0 = p*o - 31 + 11. What is the tens digit of o?
1
Suppose -4*i + 850 = -9*i. What is the units digit of ((-32)/40)/(4/i)?
4
Suppose -4*y = 2 - 42. Let v be 6/(-15) + 544/y. What is the units digit of (8/12)/(4/v)?
9
Let o(b) = 2*b**2 + 2*b - 2. Let g be o(-2). Suppose -2*z = -3*c + 11 - 2, -5*c + 7 = -g*z. Let f = z - -10. What is the units digit of f?
4
Suppose -2*h = 3*q - 351, -h + 177 = 6*q - 3*q. Suppose 5*y = -2*p + h, 0 = -y - 0*y + 4*p + 48. What is the tens digit of y?
3
Suppose 3*j + 103 = 4*j. What is the tens digit of j?
0
Let w(s) = 7*s - 14. What is the tens digit of w(7)?
3
Let k be 0/(3 + -1) - -2. Let n = 48 - 14. Suppose 5*i + k = 3*o, -o + n = 2*i + 3*i. What is the units digit of o?
9
Suppose -6*r = -8*r + 218. What is the hundreds digit of r?
1
What is the units digit of ((-10)/15)/(2/(-6)) + 82?
4
Suppose -2*n + 2 = 0, c + 2*c = 2*n + 22. What is the units digit of c?
8
Suppose -3 = 4*w - w. Let q be ((-1)/2)/(w/8). Suppose s - t + q*t = -4, -3*s - 2*t = -23. What is the units digit of s?
1
Suppose -5*u = -9 - 81. Suppose -5*r + 3*r + s + 16 = 0, -2*r + 2*s = -u. What is the units digit of r?
7
Let q be -2*3/(-12)*-2. Suppose -17 = -4*m - 5. Let g = q + m. What is the units digit of g?
2
Let p(q) = 6 - 29*q**3 - 4*q**2 + 4*q + 11*q**2 + 30*q**3. What is the units digit of p(-6)?
8
Suppose 0 = -2*u - u + 66. Let y = u + 0. What is the units digit of y?
2
What is the tens digit of ((-2)/(-3))/(18/27) + 47?
4
Let h(a) = a + 4. Let z be 2/(-6) + (-2)/(-6). Let s be h(z). Suppose 3*j - 19 + 52 = 5*x, s*x = j + 25. What is the units digit of x?
6
Suppose 5*z = -0*z. Suppose r + 2*r - 3 = z. Suppose -5*c - r = -6, 4*h = 4*c + 40. What is the tens digit of h?
1
Let t(l) = l**3 + 8*l**2 + 4*l + 1. What is the tens digit of t(-7)?
2
Let y be (-252)/52 + (-6)/39. Let b = 17 + y. What is the tens digit of b?
1
Let v = 97 + -52. Suppose -x - 4*p + 0*p = 1, 4*p = 3*x - v. What is the tens digit of x?
1
Suppose 4*y + 8*d - 23 = 3*d, -5*y + 3*d = -75. Suppose 2*j - 3*t + 2*t = y, 3*t = 0. Let k = j - 0. What is the units digit of k?
6
Let y(t) be the first derivative of t**2/2 - 2*t - 2. Let z be y(4). Suppose 12 = -u + 5*c, z*c + 0*c = 10. What is the tens digit of u?
1
Suppose -4*w = 5 - 21. Let q(u) = u**3 - 4*u**2 + u - 1. Let o be q(w). What is the units digit of -6*o*3/(-6)?
9
Let q = -356 - -652. What is the tens digit of q?
9
Suppose 3*b = 2*b + 2*r + 5, r - 2 = 0. Let s be 15/b + (-2)/(-6). Suppose 1 = s*y - 3*y - 4*v, -4*v + 11 = 5*y. What is the units digit of y?
3
Suppose 9 = 2*v - 51. What is the units digit of v?
0
Let q(w) = -w + 1. Let v be q(9). Let d = v + 11. Suppose -7 = -d*x + 2*x. What is the units digit of x?
7
What is the units digit of (-1 + -151)*(-5)/10?
6
Let r be (-336)/(-30) + (-3)/15. Suppose -3*u = -12, j - 22 = -3*u - 7. Let x = r + j. What is the units digit of x?
4
Suppose -5*r = -38 + 8. Let s be (-53)/(-11) - r/(-33). Suppose 0 = s*y - 4*y - 8. What is the units digit of y?
8
Let u(i) = 15*i**2 + 8*i - 12. What is the hundreds digit of u(3)?
1
Suppose 4*a - 192 = -5*l, 2*l - a + 6*a - 70 = 0. What is the tens digit of (-6)/(l/22 + -2)?
3
Suppose 0*a = a - 1. Let f(q) = 19*q - 1. What is the tens digit of f(a)?
1
Let w = 164 - 85. What is the units digit of w?
9
Let a(t) = -t + 12. Let h be a(8). Suppose -4*r + y + 25 + 81 = 0, 5*r - 143 = -h*y. What is the units digit of r?
7
Suppose 3*h - 15 = 3*l + h, -5*h + 6 = -3*l. What is the tens digit of (l/(-4))/(3/36)?
2
Let i(y) = -2*y + 4. Let u be i(-3). Let p = 15 - u. What is the units digit of p?
5
Let x = 22 - 34. Let y = 6 + x. Let j = y - -8. What is the units digit of j?
2
Let m = 23 - -12. What is the tens digit of m?
3
Suppose 2*k = -2*k + 8. Suppose -4*o - k*h = -7*h - 139, 5*o + 3*h - 183 = 0. Suppose 0 = -z + 5*z - o. What is the units digit of z?
9
Suppose -5*t = -2*a + 138, 3*a + t - 207 = 3*t. What is the units digit of a?
9
Let n = 37 - 2. What is the tens digit of n?
3
Suppose 3*j + 13 = -l, -l + 16 + 11 = -5*j. Suppose l + 0 = w. What is the units digit of w?
2
Suppose -2*g - 4 = -g. Let p = 3 - g. Suppose -4*y + p = -0*h + 3*h, 3*h = -9. What is the units digit of y?
4
Let w = 2 + -2. Let o be (-3 - -6) + (-3 - w). Suppose 16 = 4*m - o*m. What is the units digit of m?
4
Let l(r) = r + 9 + 2 - 2. Let d be l(-7). Suppose -3*p - 2*f + 3*f + 8 = 0, 5*p + d*f = 17. What is the units digit of p?
3
Let g be 20/(-50) - 68/5. Let d be (-8)/28 - (-346)/g. Let u = d + 47. What is the tens digit of u?
2
Let x = 15 + -12. What is the units digit of x?
3
Let j = 174 - 31. What is the tens digit of j